{"id":1300,"date":"2017-10-26T22:25:12","date_gmt":"2017-10-26T20:25:12","guid":{"rendered":"http:\/\/www.ttf-wahn-grengel.de\/?page_id=1300"},"modified":"2017-10-26T22:25:12","modified_gmt":"2017-10-26T20:25:12","slug":"vereinsmeisterschaften-2017","status":"publish","type":"page","link":"https:\/\/www.ttf-wahn-grengel.de\/?page_id=1300","title":{"rendered":"Vereinsmeisterschaften 2017"},"content":{"rendered":"<p class=\"jetpack-slideshow-noscript robots-nocontent\">Diese Diashow ben\u00f6tigt JavaScript.<\/p><div id=\"gallery-1300-1-slideshow\" class=\"jetpack-slideshow-window jetpack-slideshow jetpack-slideshow-black\" data-trans=\"fade\" data-autostart=\"1\" data-gallery=\"[{&quot;src&quot;:&quot;https:\\\/\\\/www.ttf-wahn-grengel.de\\\/wp-content\\\/uploads\\\/2017\\\/10\\\/Vereinsmeisterschaften_2017_1.jpg&quot;,&quot;id&quot;:&quot;1302&quot;,&quot;title&quot;:&quot;Vereinsmeisterschaften_2017_1&quot;,&quot;alt&quot;:&quot;&quot;,&quot;caption&quot;:&quot;&quot;,&quot;itemprop&quot;:&quot;image&quot;},{&quot;src&quot;:&quot;https:\\\/\\\/www.ttf-wahn-grengel.de\\\/wp-content\\\/uploads\\\/2017\\\/10\\\/Vereinsmeisterschaften_2017_2.jpg&quot;,&quot;id&quot;:&quot;1303&quot;,&quot;title&quot;:&quot;Vereinsmeisterschaften_2017_2&quot;,&quot;alt&quot;:&quot;&quot;,&quot;caption&quot;:&quot;&quot;,&quot;itemprop&quot;:&quot;image&quot;},{&quot;src&quot;:&quot;https:\\\/\\\/www.ttf-wahn-grengel.de\\\/wp-content\\\/uploads\\\/2017\\\/10\\\/Vereinsmeisterschaften_2017_3.jpg&quot;,&quot;id&quot;:&quot;1304&quot;,&quot;title&quot;:&quot;Vereinsmeisterschaften_2017_3&quot;,&quot;alt&quot;:&quot;&quot;,&quot;caption&quot;:&quot;&quot;,&quot;itemprop&quot;:&quot;image&quot;},{&quot;src&quot;:&quot;https:\\\/\\\/www.ttf-wahn-grengel.de\\\/wp-content\\\/uploads\\\/2017\\\/10\\\/Vereinsmeisterschaften_2017_4.jpg&quot;,&quot;id&quot;:&quot;1305&quot;,&quot;title&quot;:&quot;Vereinsmeisterschaften_2017_4&quot;,&quot;alt&quot;:&quot;&quot;,&quot;caption&quot;:&quot;&quot;,&quot;itemprop&quot;:&quot;image&quot;},{&quot;src&quot;:&quot;https:\\\/\\\/www.ttf-wahn-grengel.de\\\/wp-content\\\/uploads\\\/2017\\\/10\\\/Vereinsmeisterschaften_2017_6.jpg&quot;,&quot;id&quot;:&quot;1307&quot;,&quot;title&quot;:&quot;Vereinsmeisterschaften_2017_6&quot;,&quot;alt&quot;:&quot;&quot;,&quot;caption&quot;:&quot;&quot;,&quot;itemprop&quot;:&quot;image&quot;},{&quot;src&quot;:&quot;https:\\\/\\\/www.ttf-wahn-grengel.de\\\/wp-content\\\/uploads\\\/2017\\\/10\\\/Vereinsmeisterschaften_2017_5.jpg&quot;,&quot;id&quot;:&quot;1306&quot;,&quot;title&quot;:&quot;Vereinsmeisterschaften_2017_5&quot;,&quot;alt&quot;:&quot;&quot;,&quot;caption&quot;:&quot;&quot;,&quot;itemprop&quot;:&quot;image&quot;},{&quot;src&quot;:&quot;https:\\\/\\\/www.ttf-wahn-grengel.de\\\/wp-content\\\/uploads\\\/2017\\\/10\\\/Vereinsmeisterschaften_2017_8.jpg&quot;,&quot;id&quot;:&quot;1309&quot;,&quot;title&quot;:&quot;Vereinsmeisterschaften_2017_8&quot;,&quot;alt&quot;:&quot;&quot;,&quot;caption&quot;:&quot;&quot;,&quot;itemprop&quot;:&quot;image&quot;},{&quot;src&quot;:&quot;https:\\\/\\\/www.ttf-wahn-grengel.de\\\/wp-content\\\/uploads\\\/2017\\\/10\\\/Vereinsmeisterschaften_2017_7.jpg&quot;,&quot;id&quot;:&quot;1308&quot;,&quot;title&quot;:&quot;Vereinsmeisterschaften_2017_7&quot;,&quot;alt&quot;:&quot;&quot;,&quot;caption&quot;:&quot;&quot;,&quot;itemprop&quot;:&quot;image&quot;},{&quot;src&quot;:&quot;https:\\\/\\\/www.ttf-wahn-grengel.de\\\/wp-content\\\/uploads\\\/2017\\\/10\\\/Vereinsmeisterschaften_2017_9.jpg&quot;,&quot;id&quot;:&quot;1310&quot;,&quot;title&quot;:&quot;Vereinsmeisterschaften_2017_9&quot;,&quot;alt&quot;:&quot;&quot;,&quot;caption&quot;:&quot;&quot;,&quot;itemprop&quot;:&quot;image&quot;},{&quot;src&quot;:&quot;https:\\\/\\\/www.ttf-wahn-grengel.de\\\/wp-content\\\/uploads\\\/2017\\\/10\\\/Vereinsmeisterschaften_2017_10.jpg&quot;,&quot;id&quot;:&quot;1311&quot;,&quot;title&quot;:&quot;Vereinsmeisterschaften_2017_10&quot;,&quot;alt&quot;:&quot;&quot;,&quot;caption&quot;:&quot;&quot;,&quot;itemprop&quot;:&quot;image&quot;},{&quot;src&quot;:&quot;https:\\\/\\\/www.ttf-wahn-grengel.de\\\/wp-content\\\/uploads\\\/2017\\\/10\\\/Vereinsmeisterschaften_2017_11.jpg&quot;,&quot;id&quot;:&quot;1312&quot;,&quot;title&quot;:&quot;Vereinsmeisterschaften_2017_11&quot;,&quot;alt&quot;:&quot;&quot;,&quot;caption&quot;:&quot;&quot;,&quot;itemprop&quot;:&quot;image&quot;},{&quot;src&quot;:&quot;https:\\\/\\\/www.ttf-wahn-grengel.de\\\/wp-content\\\/uploads\\\/2017\\\/10\\\/Vereinsmeisterschaften_2017_12.jpg&quot;,&quot;id&quot;:&quot;1313&quot;,&quot;title&quot;:&quot;Vereinsmeisterschaften_2017_12&quot;,&quot;alt&quot;:&quot;&quot;,&quot;caption&quot;:&quot;&quot;,&quot;itemprop&quot;:&quot;image&quot;},{&quot;src&quot;:&quot;https:\\\/\\\/www.ttf-wahn-grengel.de\\\/wp-content\\\/uploads\\\/2017\\\/10\\\/Vereinsmeisterschaften_2017_13.jpg&quot;,&quot;id&quot;:&quot;1314&quot;,&quot;title&quot;:&quot;Vereinsmeisterschaften_2017_13&quot;,&quot;alt&quot;:&quot;&quot;,&quot;caption&quot;:&quot;&quot;,&quot;itemprop&quot;:&quot;image&quot;}]\" itemscope itemtype=\"https:\/\/schema.org\/ImageGallery\"><\/div>\n<p>Am 15. Oktober 2017 fanden im frisch sanierten Heimspiellokal der Tischtennisfreunde die diesj\u00e4hrigen Vereinsmeisterschaften statt. Unter den Augen einiger anwesender Eltern nahmen trotz des tollen Sp\u00e4tsommerwetters alle Sch\u00fclerInnen und Jugendliche der Tischtennisfreunde an der Veranstaltung teil. Lediglich ein Sch\u00fcler musste verletzungsbedingt zusehen.<\/p>\n<p>Bei den &#8222;Kleinen&#8220; der Tischtennisfreunde gingen insgesamt f\u00fcnf Bambinis an den Start, die im Modus &#8222;Jeder gegen Jeden&#8220; den Vereinsmeister k\u00fcrten. Mit Carla Zielke und Lilli Klan boten erstmalig wieder zwei Sch\u00fclerinnen den m\u00e4nnlichen Vertretern zur Freude der anwesenden Zuschauer eine tolle Gegenwehr, die am Ende die Pl\u00e4tze drei und vier f\u00fcr sich beanspruchen durften. Alexios Popovidis zahlte als j\u00fcngster Teilnehmer noch etwas Lehrgeld, zeigte in seinen Spielen aber bereits tolle Ans\u00e4tze und gilt jetzt schon als hoffnungsvolles Nachwuchstalent der Tischtennisfreunde. Nach vier Spielen ohne Satzverlust darf sich Alexander Buchmann vor Tim Klan f\u00fcr ein ganzes Jahr als Vereinsmeister bezeichnen.<\/p>\n<p>In der Jugend nahmen insgesamt sechs Jungen an der Veranstaltung teil, wobei der Modus nach der Gruppenphase um ein weiteres Platzierungsspiel erweitert wurde. Die ersten beiden Pl\u00e4tze der Gruppenphase spielten demnach um den Vereinsmeistertitel, die Pl\u00e4tze drei und vier um den dritten Podiumsplatz und die Pl\u00e4tze f\u00fcnf und sechs aus der Gruppenphase k\u00e4mpften um Platz f\u00fcnf der Konkurrenz. Nach einer spannenden Gruppenphase gab es dann auch eine kleine \u00dcberraschung bei der Platzierung. Mit Leo Sch\u00e4fer schaffte es ein Au\u00dfenseiter in das Finale, in dem er Thomas Erdenberger klar mit 3:0 besiegen konnte und sich f\u00fcr ein Jahr Vereinsmeister in der Jugend nennen darf. Im Spiel um Platz drei setzte sich Simon Plewnia ebenso deutlich mit 3:0 gegen seinen Mannschaftskollegen Keno Mauritz durch und landete immerhin noch auf dem Treppchen. Lars Klein konnte als erfahrenster Spieler im Feld gegen Jan Maa\u00dfen den f\u00fcnften Platz f\u00fcr sich behaupten.<\/p>\n<p>In der Herrenkonkurrenz spielten immerhin elf Teilnehmer um den Vereinsmeistertitel, wobei sich die ersten beiden einer jeden Gruppe f\u00fcr das Halbfinale qualifizierten. Die Pl\u00e4tze drei, vier und f\u00fcnf der beiden Gruppen berechtigten zur Teilnahme an den Platzierungsspielen. Nach zwei an Spannung kaum zu \u00fcberbietenden Halbfinalspielen traf Pascal Rieboldt auf Daniel Mertens, dem es sichtbar an Training fehlte und der Pascal nach einem deutlichen 3:0 den Podiumsplatz \u00fcberlassen musste. Im Finale ging es enger zu als manch einer im Vorfeld gedacht h\u00e4tte. Fabian Weber sah sich im Spiel gegen Christoph Weber beim Stand von 1:2 in S\u00e4tzen und 9:10 aus seiner Sicht einem Matchball gegen\u00fcber, den er aber mit all seiner Routine abzuwehren wusste und das Spiel im f\u00fcnften Satz zum neuen Vereinsmeister f\u00fcr sich entscheiden konnte.<\/p>\n<p>Nach vielen Emotionen, einer tollen Stimmung und zahlreichen strahlenden Gesichtern ging ein toller Tag zu neige, an dessen Ende sich drei neue Vereinsmitglieder als Vereinsmeister bezeichnen k\u00f6nnen.<\/p>\n<h4>Ergebnisse der B-Sch\u00fcler &#8211; Einzel<\/h4>\n<table>\n<tbody>\n<tr>\n<td width=\"28\"><strong>\u00a01.<\/strong><\/td>\n<td width=\"100\"><strong>Alexander Buchmann<\/strong><\/td>\n<td width=\"198\"><\/td>\n<\/tr>\n<tr>\n<td width=\"28\"><strong>\u00a02.<\/strong><\/td>\n<td width=\"100\"><strong>Tim Klan<\/strong><\/td>\n<td width=\"198\"><\/td>\n<\/tr>\n<tr>\n<td width=\"28\"><strong>\u00a03.<\/strong><\/td>\n<td width=\"100\"><strong>Carla Zielke<\/strong><\/td>\n<td width=\"198\"><\/td>\n<\/tr>\n<tr>\n<td width=\"28\"><strong>\u00a04.<\/strong><\/td>\n<td width=\"100\"><strong>Lilli Klan<\/strong><\/td>\n<td width=\"198\"><\/td>\n<\/tr>\n<tr>\n<td width=\"28\"><strong>\u00a05.<\/strong><\/td>\n<td width=\"100\"><strong>Alexios Popovidis<\/strong><\/td>\n<td width=\"198\"><\/td>\n<\/tr>\n<\/tbody>\n<\/table>\n<h4>Ergebnisse der A-Sch\u00fcler &#8211; Einzel<\/h4>\n<table>\n<tbody>\n<tr>\n<td width=\"28\"><strong>\u00a01.<\/strong><\/td>\n<td width=\"100\"><strong>Alexander Buchmann<\/strong><\/td>\n<td width=\"198\"><\/td>\n<\/tr>\n<tr>\n<td width=\"28\"><strong>\u00a02.<\/strong><\/td>\n<td width=\"100\"><strong>Tim Klan<\/strong><\/td>\n<td width=\"198\"><\/td>\n<\/tr>\n<\/tbody>\n<\/table>\n<h4>Ergebnisse der Jungen &#8211; Einzel<\/h4>\n<table>\n<tbody>\n<tr>\n<td width=\"28\"><strong>\u00a01.<\/strong><\/td>\n<td width=\"100\"><strong>Leo Sch\u00e4fer<\/strong><\/td>\n<td width=\"198\"><\/td>\n<\/tr>\n<tr>\n<td width=\"28\"><strong>\u00a02.<\/strong><\/td>\n<td width=\"100\"><strong>Thomas Erdenberger<\/strong><\/td>\n<td width=\"198\"><\/td>\n<\/tr>\n<tr>\n<td width=\"28\"><strong>\u00a03.<\/strong><\/td>\n<td width=\"100\"><strong>Simon Plewnia<\/strong><\/td>\n<td width=\"198\"><\/td>\n<\/tr>\n<tr>\n<td width=\"28\"><strong>\u00a04.<\/strong><\/td>\n<td width=\"100\"><strong>Keno Mauritz<\/strong><\/td>\n<td width=\"198\"><\/td>\n<\/tr>\n<tr>\n<td width=\"28\"><strong>\u00a05.<\/strong><\/td>\n<td width=\"100\"><strong>Lars Klein<\/strong><\/td>\n<td width=\"198\"><\/td>\n<\/tr>\n<tr>\n<td width=\"28\"><strong>\u00a06.<\/strong><\/td>\n<td width=\"100\"><strong>Jan Maa\u00dfen<\/strong><\/td>\n<td width=\"198\"><\/td>\n<\/tr>\n<\/tbody>\n<\/table>\n<h4>Ergebnisse der Jungen &#8211; Doppel<\/h4>\n<table>\n<tbody>\n<tr>\n<td width=\"28\"><strong>\u00a01.<\/strong><\/td>\n<td width=\"100\"><strong>E<\/strong><b>rdenberger \/ Klein<\/b><\/td>\n<td width=\"198\"><\/td>\n<\/tr>\n<tr>\n<td width=\"28\"><strong>\u00a02.<\/strong><\/td>\n<td width=\"100\"><strong>Plewnia \/ Mauritz<\/strong><\/td>\n<td width=\"198\"><\/td>\n<\/tr>\n<tr>\n<td width=\"28\"><strong>\u00a03.<\/strong><\/td>\n<td width=\"100\"><strong>Sch\u00e4fer \/ Maa\u00dfen<\/strong><\/td>\n<td width=\"198\"><\/td>\n<\/tr>\n<\/tbody>\n<\/table>\n<h4>Ergebnisse der Herren &#8211; Einzel<\/h4>\n<table>\n<tbody>\n<tr>\n<td width=\"28\"><strong>\u00a01.<\/strong><\/td>\n<td width=\"100\"><strong>Fabian Weber<\/strong><\/td>\n<td width=\"198\"><\/td>\n<\/tr>\n<tr>\n<td width=\"28\"><strong>\u00a02.<\/strong><\/td>\n<td width=\"100\"><b>Christoph Weber<\/b><\/td>\n<td width=\"198\"><\/td>\n<\/tr>\n<tr>\n<td width=\"28\"><strong>\u00a03.<\/strong><\/td>\n<td width=\"100\"><strong>Pascal Rieboldt<\/strong><\/td>\n<td width=\"198\"><\/td>\n<\/tr>\n<tr>\n<td width=\"28\"><strong>\u00a04.<\/strong><\/td>\n<td width=\"100\"><strong>Daniel Mertens<\/strong><\/td>\n<td width=\"198\"><\/td>\n<\/tr>\n<tr>\n<td width=\"28\"><strong>\u00a05.<\/strong><\/td>\n<td width=\"100\"><b>Mario M\u00fcller<\/b><\/td>\n<td width=\"198\"><\/td>\n<\/tr>\n<tr>\n<td width=\"28\"><strong>\u00a06.<\/strong><\/td>\n<td width=\"100\"><strong>Nader Farahi<\/strong><\/td>\n<td width=\"198\"><\/td>\n<\/tr>\n<tr>\n<td width=\"28\"><strong>\u00a07.<\/strong><\/td>\n<td width=\"100\"><b>Dieter Kreutz<\/b><\/td>\n<td width=\"198\"><\/td>\n<\/tr>\n<tr>\n<td width=\"28\"><strong>\u00a08.<\/strong><\/td>\n<td width=\"100\"><b>Simon Plewnia<\/b><\/td>\n<td width=\"198\"><\/td>\n<\/tr>\n<tr>\n<td width=\"28\"><strong>\u00a09.<\/strong><\/td>\n<td width=\"100\"><strong>Thomas Erdenberger<\/strong><\/td>\n<td width=\"198\"><\/td>\n<\/tr>\n<tr>\n<td width=\"28\"><strong>\u00a010.<\/strong><\/td>\n<td width=\"100\"><strong>Keno Mauritz<\/strong><\/td>\n<td width=\"198\"><\/td>\n<\/tr>\n<tr>\n<td width=\"28\"><strong>\u00a011.<\/strong><\/td>\n<td width=\"100\"><b>Lars Klein<\/b><\/td>\n<td width=\"198\"><\/td>\n<\/tr>\n<\/tbody>\n<\/table>\n","protected":false},"excerpt":{"rendered":"<p>Am 15. Oktober 2017 fanden im frisch sanierten Heimspiellokal der Tischtennisfreunde die diesj\u00e4hrigen Vereinsmeisterschaften statt. Unter den Augen einiger anwesender Eltern nahmen trotz des tollen Sp\u00e4tsommerwetters alle Sch\u00fclerInnen und Jugendliche der Tischtennisfreunde an der Veranstaltung teil. Lediglich ein Sch\u00fcler musste&#8230;<\/p>\n","protected":false},"author":3,"featured_media":0,"parent":19,"menu_order":0,"comment_status":"closed","ping_status":"closed","template":"","meta":{"jetpack_post_was_ever_published":false,"footnotes":""},"class_list":["post-1300","page","type-page","status-publish","hentry","no-post-thumbnail"],"jetpack_shortlink":"https:\/\/wp.me\/P9jMO0-kY","jetpack_sharing_enabled":true,"_links":{"self":[{"href":"https:\/\/www.ttf-wahn-grengel.de\/index.php?rest_route=\/wp\/v2\/pages\/1300"}],"collection":[{"href":"https:\/\/www.ttf-wahn-grengel.de\/index.php?rest_route=\/wp\/v2\/pages"}],"about":[{"href":"https:\/\/www.ttf-wahn-grengel.de\/index.php?rest_route=\/wp\/v2\/types\/page"}],"author":[{"embeddable":true,"href":"https:\/\/www.ttf-wahn-grengel.de\/index.php?rest_route=\/wp\/v2\/users\/3"}],"replies":[{"embeddable":true,"href":"https:\/\/www.ttf-wahn-grengel.de\/index.php?rest_route=%2Fwp%2Fv2%2Fcomments&post=1300"}],"version-history":[{"count":15,"href":"https:\/\/www.ttf-wahn-grengel.de\/index.php?rest_route=\/wp\/v2\/pages\/1300\/revisions"}],"predecessor-version":[{"id":1328,"href":"https:\/\/www.ttf-wahn-grengel.de\/index.php?rest_route=\/wp\/v2\/pages\/1300\/revisions\/1328"}],"up":[{"embeddable":true,"href":"https:\/\/www.ttf-wahn-grengel.de\/index.php?rest_route=\/wp\/v2\/pages\/19"}],"wp:attachment":[{"href":"https:\/\/www.ttf-wahn-grengel.de\/index.php?rest_route=%2Fwp%2Fv2%2Fmedia&parent=1300"}],"curies":[{"name":"wp","href":"https:\/\/api.w.org\/{rel}","templated":true}]}}