{"id":1330,"date":"2017-10-26T23:01:58","date_gmt":"2017-10-26T21:01:58","guid":{"rendered":"http:\/\/www.ttf-wahn-grengel.de\/?page_id=1330"},"modified":"2017-10-26T23:01:58","modified_gmt":"2017-10-26T21:01:58","slug":"mini-meisterschaften-2010","status":"publish","type":"page","link":"https:\/\/www.ttf-wahn-grengel.de\/?page_id=1330","title":{"rendered":"Mini-Meisterschaften 2010"},"content":{"rendered":"<p class=\"jetpack-slideshow-noscript robots-nocontent\">Diese Diashow ben\u00f6tigt JavaScript.<\/p><div id=\"gallery-1330-1-slideshow\" class=\"jetpack-slideshow-window jetpack-slideshow jetpack-slideshow-black\" data-trans=\"fade\" data-autostart=\"1\" data-gallery=\"[{&quot;src&quot;:&quot;https:\\\/\\\/www.ttf-wahn-grengel.de\\\/wp-content\\\/uploads\\\/2017\\\/10\\\/Minimeisterschaften_2010_1.jpg&quot;,&quot;id&quot;:&quot;1337&quot;,&quot;title&quot;:&quot;Minimeisterschaften_2010_1&quot;,&quot;alt&quot;:&quot;&quot;,&quot;caption&quot;:&quot;&quot;,&quot;itemprop&quot;:&quot;image&quot;},{&quot;src&quot;:&quot;https:\\\/\\\/www.ttf-wahn-grengel.de\\\/wp-content\\\/uploads\\\/2017\\\/10\\\/Minimeisterschaften_2010_2.jpg&quot;,&quot;id&quot;:&quot;1338&quot;,&quot;title&quot;:&quot;Minimeisterschaften_2010_2&quot;,&quot;alt&quot;:&quot;&quot;,&quot;caption&quot;:&quot;&quot;,&quot;itemprop&quot;:&quot;image&quot;},{&quot;src&quot;:&quot;https:\\\/\\\/www.ttf-wahn-grengel.de\\\/wp-content\\\/uploads\\\/2017\\\/10\\\/Minimeisterschaften_2010_3.jpg&quot;,&quot;id&quot;:&quot;1339&quot;,&quot;title&quot;:&quot;Minimeisterschaften_2010_3&quot;,&quot;alt&quot;:&quot;&quot;,&quot;caption&quot;:&quot;&quot;,&quot;itemprop&quot;:&quot;image&quot;},{&quot;src&quot;:&quot;https:\\\/\\\/www.ttf-wahn-grengel.de\\\/wp-content\\\/uploads\\\/2017\\\/10\\\/Minimeisterschaften_2010_4.jpg&quot;,&quot;id&quot;:&quot;1340&quot;,&quot;title&quot;:&quot;Minimeisterschaften_2010_4&quot;,&quot;alt&quot;:&quot;&quot;,&quot;caption&quot;:&quot;&quot;,&quot;itemprop&quot;:&quot;image&quot;},{&quot;src&quot;:&quot;https:\\\/\\\/www.ttf-wahn-grengel.de\\\/wp-content\\\/uploads\\\/2017\\\/10\\\/Minimeisterschaften_2010_5.jpg&quot;,&quot;id&quot;:&quot;1341&quot;,&quot;title&quot;:&quot;Minimeisterschaften_2010_5&quot;,&quot;alt&quot;:&quot;&quot;,&quot;caption&quot;:&quot;&quot;,&quot;itemprop&quot;:&quot;image&quot;},{&quot;src&quot;:&quot;https:\\\/\\\/www.ttf-wahn-grengel.de\\\/wp-content\\\/uploads\\\/2017\\\/10\\\/Minimeisterschaften_2010_6.jpg&quot;,&quot;id&quot;:&quot;1342&quot;,&quot;title&quot;:&quot;Minimeisterschaften_2010_6&quot;,&quot;alt&quot;:&quot;&quot;,&quot;caption&quot;:&quot;&quot;,&quot;itemprop&quot;:&quot;image&quot;},{&quot;src&quot;:&quot;https:\\\/\\\/www.ttf-wahn-grengel.de\\\/wp-content\\\/uploads\\\/2017\\\/10\\\/Minimeisterschaften_2010_7.jpg&quot;,&quot;id&quot;:&quot;1343&quot;,&quot;title&quot;:&quot;Minimeisterschaften_2010_7&quot;,&quot;alt&quot;:&quot;&quot;,&quot;caption&quot;:&quot;&quot;,&quot;itemprop&quot;:&quot;image&quot;}]\" itemscope itemtype=\"https:\/\/schema.org\/ImageGallery\"><\/div>\n<p>Da sind sie! Unsere mini-Meister 2010.<\/p>\n<p>Trotz des ungew\u00f6hnlichen Schneetreibens fanden sich zahlreiche Tischtennistalente in der Halle ein. Vor ihren Eltern oder Freunden k\u00e4mpften die Spielerinnen und Spieler in drei Altersklassen um die diesj\u00e4hrige mini-Krone.<\/p>\n<p>In der Altersklasse des Jahrgangs 2001 und j\u00fcnger setzten sich Sara Epstein und Kevin Hei\u00df durch. Die Sieger der Jahrg\u00e4nge 1999\/2000 hei\u00dfen Matthias Br\u00fcck und Kimberley Tahiraj. Erfolgreichster Junge der Jahrg\u00e4nge 1998\/1997 war Johannes Gn\u00f6rich.<\/p>\n<p>F\u00fcr die vier Besten jeder Altersklasse hei\u00dft es nun, sich beim Kreisentscheid f\u00fcr die n\u00e4chste Runde zu qualifizieren. \u00dcber Orts-, Kreis- und Bezirksentscheide k\u00f6nnen sie bis hin zu den Endrunden der Landesverb\u00e4nde spielen. Wer zehn Jahre alt ist oder j\u00fcnger, dem winkt sogar nach entsprechender Qualifikation die Teilnahme am Bundesfinale 2010.<\/p>\n<p>Bei den Jahrg\u00e4ngen 2001 und j\u00fcnger gab es leider nur drei Meldungen. Aus diesem Grund spielten unsere j\u00fcngsten Teilnehmer eine Altersklasse h\u00f6her mit. Trotzdem wurden aber auch die Pl\u00e4tze in der eigenen Klasse ausgespielt. Hier setzte sich Kevin Hei\u00df gegen Tim Tarlowski (2. Platz) und S\u00f6nke Hingst (3. Platz) durch.<\/p>\n<p>In der Altersklasse der Jahrg\u00e4nge 1997\/1998 wurde der Sieger im System Jeder gegen Jeden ermittelt. Johannes Gn\u00f6rich, Florian Schiemann und Maximilian Br\u00fcck belegten am Schluss die ersten drei Pl\u00e4tze.<\/p>\n<p>W\u00e4hrend sich die Spieler an den Tischen spannende Duelle lieferten, wurden die Zuschauer von den Helfern der Tischtennisfreunde mit Kaffee und Kuchen versorgt.<\/p>\n<p>Die Sieger jeder Altersklasse konnten sich \u00fcber einen Pokal freuen. Alle Teilnehmer erhielten eine Urkunde. Diese stellt als besonderes Gimmik gleichzeitig eine Freikarte zu einem Spiel eines Tischtennis-Bundesligisten dar. So kann sich z.B. jeder der Minis kostenlos Timo Boll in Aktion anschauen.<br \/>\nZudem laden die Tischtennisfreunde jeden Teilnehmer zu einem mehrt\u00e4gigen Schnuppertraining ein. Unser Trainerteam wird dabei die Sportart Tischtennis umfassend vorstellen und jeden Interessierten in die modernen Tischtennistechniken einweisen.<br \/>\nNat\u00fcrlich d\u00fcrfen zum Schnuppern auch Freunde mitgebracht werden. Den Schnupperpass gibt es auch jederzeit bei unseren Trainern w\u00e4hrend der Jugendtrainingszeiten.<\/p>\n","protected":false},"excerpt":{"rendered":"<p>Da sind sie! Unsere mini-Meister 2010. Trotz des ungew\u00f6hnlichen Schneetreibens fanden sich zahlreiche Tischtennistalente in der Halle ein. Vor ihren Eltern oder Freunden k\u00e4mpften die Spielerinnen und Spieler in drei Altersklassen um die diesj\u00e4hrige mini-Krone. In der Altersklasse des Jahrgangs&#8230;<\/p>\n","protected":false},"author":3,"featured_media":0,"parent":117,"menu_order":0,"comment_status":"closed","ping_status":"closed","template":"","meta":{"jetpack_post_was_ever_published":false,"footnotes":""},"class_list":["post-1330","page","type-page","status-publish","hentry","no-post-thumbnail"],"jetpack_shortlink":"https:\/\/wp.me\/P9jMO0-ls","jetpack_sharing_enabled":true,"_links":{"self":[{"href":"https:\/\/www.ttf-wahn-grengel.de\/index.php?rest_route=\/wp\/v2\/pages\/1330"}],"collection":[{"href":"https:\/\/www.ttf-wahn-grengel.de\/index.php?rest_route=\/wp\/v2\/pages"}],"about":[{"href":"https:\/\/www.ttf-wahn-grengel.de\/index.php?rest_route=\/wp\/v2\/types\/page"}],"author":[{"embeddable":true,"href":"https:\/\/www.ttf-wahn-grengel.de\/index.php?rest_route=\/wp\/v2\/users\/3"}],"replies":[{"embeddable":true,"href":"https:\/\/www.ttf-wahn-grengel.de\/index.php?rest_route=%2Fwp%2Fv2%2Fcomments&post=1330"}],"version-history":[{"count":3,"href":"https:\/\/www.ttf-wahn-grengel.de\/index.php?rest_route=\/wp\/v2\/pages\/1330\/revisions"}],"predecessor-version":[{"id":1345,"href":"https:\/\/www.ttf-wahn-grengel.de\/index.php?rest_route=\/wp\/v2\/pages\/1330\/revisions\/1345"}],"up":[{"embeddable":true,"href":"https:\/\/www.ttf-wahn-grengel.de\/index.php?rest_route=\/wp\/v2\/pages\/117"}],"wp:attachment":[{"href":"https:\/\/www.ttf-wahn-grengel.de\/index.php?rest_route=%2Fwp%2Fv2%2Fmedia&parent=1330"}],"curies":[{"name":"wp","href":"https:\/\/api.w.org\/{rel}","templated":true}]}}