{"id":282,"date":"2017-10-21T13:12:00","date_gmt":"2017-10-21T11:12:00","guid":{"rendered":"http:\/\/www.ttf-wahn-grengel.de\/?page_id=282"},"modified":"2026-02-06T22:12:13","modified_gmt":"2026-02-06T21:12:13","slug":"1-herren-2","status":"publish","type":"page","link":"https:\/\/www.ttf-wahn-grengel.de\/?page_id=282","title":{"rendered":"1. Herrenmannschaft 2025\/2026"},"content":{"rendered":"<table>\n<tbody>\n<tr>\n<td colspan=\"3\" width=\"334\">\n<h4>1. Bezirksliga 2 (R\u00fcckrunde)<\/h4>\n<\/td>\n<td width=\"170\">\n<h6 style=\"text-align: right;\"><\/h6>\n<\/td>\n<td width=\"115\">\n<h6 style=\"text-align: right;\"><a href=\"https:\/\/www.mytischtennis.de\/click-tt\/WTTV\/25--26\/ligen\/1._Bezirksliga_2\/gruppe\/497390\/mannschaft\/2970757\/TTF_Wahn-Grengel\/spielerbilanzen\/gesamt\">Spielplan &amp; Tabelle<\/a><\/h6>\n<\/td>\n<\/tr>\n<tr>\n<td width=\"33\"><\/td>\n<td width=\"228\"><\/td>\n<td colspan=\"2\" width=\"340\"><\/td>\n<td width=\"115\"><\/td>\n<\/tr>\n<tr>\n<td width=\"33\"><strong>1.<\/strong><\/td>\n<td width=\"132\"><strong>Weber, Fabian<\/strong><\/td>\n<td style=\"text-align: center;\" colspan=\"3\" rowspan=\"15\" width=\"454\"><strong><a href=\"http:\/\/www.ttf-wahn-grengel.de\/wp-content\/uploads\/2017\/10\/1_Herren_Hinrunde_17_18.jpg\" target=\"_blank\" rel=\"noopener noreferrer\"><img loading=\"lazy\" decoding=\"async\" class=\"alignright wp-image-1060\" src=\"http:\/\/www.ttf-wahn-grengel.de\/wp-content\/uploads\/2017\/10\/1_Herren_Hinrunde_17_18.jpg\" alt=\"\" width=\"415\" height=\"311\" srcset=\"https:\/\/www.ttf-wahn-grengel.de\/wp-content\/uploads\/2017\/10\/1_Herren_Hinrunde_17_18.jpg 800w, https:\/\/www.ttf-wahn-grengel.de\/wp-content\/uploads\/2017\/10\/1_Herren_Hinrunde_17_18-300x225.jpg 300w, https:\/\/www.ttf-wahn-grengel.de\/wp-content\/uploads\/2017\/10\/1_Herren_Hinrunde_17_18-768x576.jpg 768w\" sizes=\"(max-width: 415px) 100vw, 415px\" \/><\/a><\/strong><\/td>\n<\/tr>\n<tr>\n<td width=\"33\"><strong>2.<\/strong><\/td>\n<td width=\"132\"><strong><a href=\"http:\/\/www.ttf-wahn-grengel.de\/wp-content\/uploads\/2017\/12\/Bj\u00f6rn-Kant.jpg\" target=\"_blank\" rel=\"noopener noreferrer\">Kant, Bj\u00f6rn<\/a><\/strong><\/td>\n<\/tr>\n<tr>\n<td width=\"33\"><strong>3.<\/strong><\/td>\n<td width=\"132\"><strong> Reiss, Boris<br \/>\n<\/strong><\/td>\n<\/tr>\n<tr>\n<td width=\"33\"><strong>4.<\/strong><\/td>\n<td width=\"132\"><strong>Schuck, Marcel<\/strong><\/td>\n<\/tr>\n<tr>\n<td width=\"33\"><strong>5.<\/strong><\/td>\n<td width=\"132\"><strong><a href=\"http:\/\/www.ttf-wahn-grengel.de\/wp-content\/uploads\/2017\/12\/Pascal-Rieboldt.jpg\" target=\"_blank\" rel=\"noopener noreferrer\">Rieboldt, Pascal<\/a><\/strong><\/td>\n<\/tr>\n<tr>\n<td width=\"33\"><strong>6.<\/strong><\/td>\n<td width=\"132\"><strong><a href=\"http:\/\/www.ttf-wahn-grengel.de\/wp-content\/uploads\/2017\/12\/Christoph-Weber.jpg\" target=\"_blank\" rel=\"noopener noreferrer\">Weber, Christoph<\/a><\/strong><\/td>\n<\/tr>\n<tr>\n<td width=\"33\"><\/td>\n<td width=\"132\"><\/td>\n<\/tr>\n<tr>\n<td width=\"33\"><\/td>\n<td width=\"132\"><\/td>\n<\/tr>\n<tr>\n<td width=\"33\"><\/td>\n<td width=\"132\"><\/td>\n<\/tr>\n<tr>\n<td width=\"33\"><\/td>\n<td width=\"132\"><\/td>\n<\/tr>\n<tr>\n<td width=\"33\"><\/td>\n<td width=\"132\"><\/td>\n<\/tr>\n<tr>\n<td width=\"33\"><\/td>\n<td width=\"132\"><\/td>\n<\/tr>\n<tr>\n<td width=\"33\"><\/td>\n<td width=\"132\"><\/td>\n<\/tr>\n<tr>\n<td width=\"33\"><\/td>\n<td width=\"132\"><\/td>\n<\/tr>\n<tr>\n<td width=\"33\"><\/td>\n<td width=\"132\"><\/td>\n<\/tr>\n<\/tbody>\n<\/table>\n<p><em>Mannschaftsf\u00fchrer:<\/em><br \/>\nObernd\u00f6rfer, Martin; Tel.: 0171-9529388; E-Mail: <a href=\"mailto: martinoberndoerfer@yahoo.de\">martinoberndoerfer@yahoo.de<\/a><\/p>\n<h4>Saison Aus- und R\u00fcckblick:<\/h4>\n<p>Die 1. Herren Mannschaft des TTF Wahn-Grengel blickt auf eine \u00e4u\u00dferst entt\u00e4uschende Spielzeit 2024\/2025 zur\u00fcck.<\/p>\n<p>Nach dem freiwilligen R\u00fcckzug freuen sich die Tischtennisfreunde in der bevorstehenden Saison 2025\/2026 auf die neuen Herausforderungen und streben in der aktuellen Spielzeit den Klassenerhalt in der 1. Berzirksliga 2 an. Die Tischtennisfreunde um Mannschaftsf\u00fchrer Martin Obernd\u00f6rfer hoffen zudem, den einen oder anderen Besucher bei den Heimspielen begr\u00fc\u00dfen zu d\u00fcrfen.<\/p>\n","protected":false},"excerpt":{"rendered":"<p>1. Bezirksliga 2 (R\u00fcckrunde) Spielplan &amp; Tabelle 1. Weber, Fabian 2. Kant, Bj\u00f6rn 3. Reiss, Boris 4. Schuck, Marcel 5. Rieboldt, Pascal 6. Weber, Christoph Mannschaftsf\u00fchrer: Obernd\u00f6rfer, Martin; Tel.: 0171-9529388; E-Mail: martinoberndoerfer@yahoo.de Saison Aus- und R\u00fcckblick: Die 1. Herren Mannschaft&#8230;<\/p>\n","protected":false},"author":3,"featured_media":1060,"parent":5,"menu_order":1,"comment_status":"closed","ping_status":"closed","template":"","meta":{"jetpack_post_was_ever_published":false,"footnotes":""},"class_list":["post-282","page","type-page","status-publish","has-post-thumbnail","hentry"],"jetpack_shortlink":"https:\/\/wp.me\/P9jMO0-4y","jetpack_sharing_enabled":true,"_links":{"self":[{"href":"https:\/\/www.ttf-wahn-grengel.de\/index.php?rest_route=\/wp\/v2\/pages\/282"}],"collection":[{"href":"https:\/\/www.ttf-wahn-grengel.de\/index.php?rest_route=\/wp\/v2\/pages"}],"about":[{"href":"https:\/\/www.ttf-wahn-grengel.de\/index.php?rest_route=\/wp\/v2\/types\/page"}],"author":[{"embeddable":true,"href":"https:\/\/www.ttf-wahn-grengel.de\/index.php?rest_route=\/wp\/v2\/users\/3"}],"replies":[{"embeddable":true,"href":"https:\/\/www.ttf-wahn-grengel.de\/index.php?rest_route=%2Fwp%2Fv2%2Fcomments&post=282"}],"version-history":[{"count":46,"href":"https:\/\/www.ttf-wahn-grengel.de\/index.php?rest_route=\/wp\/v2\/pages\/282\/revisions"}],"predecessor-version":[{"id":3862,"href":"https:\/\/www.ttf-wahn-grengel.de\/index.php?rest_route=\/wp\/v2\/pages\/282\/revisions\/3862"}],"up":[{"embeddable":true,"href":"https:\/\/www.ttf-wahn-grengel.de\/index.php?rest_route=\/wp\/v2\/pages\/5"}],"wp:featuredmedia":[{"embeddable":true,"href":"https:\/\/www.ttf-wahn-grengel.de\/index.php?rest_route=\/wp\/v2\/media\/1060"}],"wp:attachment":[{"href":"https:\/\/www.ttf-wahn-grengel.de\/index.php?rest_route=%2Fwp%2Fv2%2Fmedia&parent=282"}],"curies":[{"name":"wp","href":"https:\/\/api.w.org\/{rel}","templated":true}]}}